168. What is t(-20)?
-88
Let r(m) = 2*m**2 + 39*m + 21. Calculate r(-12).
-159
Let f(t) = t**3 + 17*t**2 + t + 11. Determine f(-17).
-6
Let u(d) = -4*d**3 + 14*d**2 + 16*d + 4. Calculate u(-1).
6
Let p(t) = 42*t - 55. Determine p(1).
-13
Let m(z) = -32*z**2 - 143*z - 173. What is m(-2)?
-15
Let s(q) = -q**2 - 8*q + 506. Calculate s(-27).
-7
Let l(d) = -2*d**3 - 17*d**2 + 18*d + 60. What is l(-10)?
180
Let k(z) = z**3 - 8*z**2 - 48*z - 10. Give k(12).
-10
Let j(x) = -3*x**3 - 8*x**2 - 27*x - 305. Calculate j(-7).
521
Let u(n) = -25*n + 955. Determine u(37).
30
Let s(b) = -2*b - 12. Determine s(-2).
-8
Let j(c) = c**3 - 19*c**2 + c - 15. What is j(19)?
4
Let z(t) = -5*t**3 + 22*t**2 - 18*t. What is z(4)?
-40
Let q(n) = -2*n**3 + 87*n**2 - 110*n - 657. Determine q(42).
15
Let k(s) = -4*s**3 - 114*s**2 - 295*s + 33. Calculate k(-3).
0
Let g(s) = s**2 - 63*s + 304. What is g(57)?
-38
Let l(i) = -i**3 - 101*i**2 + 758*i + 10. Determine l(-108).
-206
Let f(h) = -61*h + 262. Give f(7).
-165
Let j(m) = 588*m - 10553. What is j(18)?
31
Let u(t) = 8*t - 123. Determine u(9).
-51
Let o(l) = -178*l + 7475. What is o(42)?
-1
Let i(q) = 16*q**2 + 158*q + 14. Give i(-9).
-112
Let c(q) = -45*q**2 + 433*q + 438. Give c(-1).
-40
Let b(g) = -3*g**2 - 43*g - 42. Calculate b(-14).
-28
Let k(m) = 57*m + 14471. What is k(-254)?
-7
Let u(a) = 17*a - 248. Give u(-5).
-333
Let o(u) = -32*u - 3584. Determine o(-112).
0
Let o(x) = 2*x - 30. Determine o(-11).
-52
Let u(b) = -1666*b + 34998. What is u(21)?
12
Let i(m) = -2*m**3 + 3*m**2 + 434*m + 13. What is i(-14)?
13
Let l(h) = h**3 - 19*h**2 + 27*h + 106. What is l(17)?
-13
Let a(y) = -56*y + 369. What is a(6)?
33
Let v(o) = 89*o**2 + 4*o - 5. What is v(1)?
88
Let d(v) = 7*v**3 - 45*v**2 - 97*v - 5. Calculate d(-2).
-47
Let m(f) = 35*f**2 + 316*f + 11. Give m(-9).
2
Let o(k) = -2*k + 61. Determine o(-52).
165
Let n(g) = -6*g**3 - 28*g**2 + 180*g + 788. Calculate n(-4).
4
Let h(j) = 3*j**3 + 10*j**2 - 13*j - 27. What is h(-6)?
-237
Let z(j) = j**3 - 65*j**2 - 129*j - 362. Give z(67).
-27
Let j(n) = -n**3 + 4*n**2 - 15*n - 8. Determine j(5).
-108
Let r(q) = 286*q**2 - 371*q. What is r(3)?
1461
Let f(t) = -2*t**3 - 6*t**2 - 10*t - 25. Give f(-4).
47
Let o(k) = -10*k**2 - 647*k + 235. Calculate o(-65).
40
Let u(n) = 3*n**3 - n**2 - 9*n + 24. Calculate u(0).
24
Let t(g) = -3*g**2 + 24*g + 168. Determine t(-6).
-84
Let b(l) = 32*l + 754. Determine b(-23).
18
Let q(z) = 9*z**3 - 17*z**2 - 5*z - 6. Calculate q(3).
69
Let u(a) = -a**2 - 744*a - 60535. Give u(-93).
8
Let s(g) = -5*g**2 - 51*g - 79. Give s(-8).
9
Let n(r) = -16383*r - 65543. What is n(-4)?
-11
Let v(s) = s**3 - 13*s**2 + 13*s - 592. Calculate v(15).
53
Let d(h) = -1420*h + 1426. Give d(1).
6
Let p(a) = 852*a - 68170. Give p(80).
-10
Let o(p) = 27*p - 1443. Determine o(54).
15
Let p(a) = 2*a**3 - 6*a**2 - 23*a + 86. Determine p(7).
317
Let r(d) = -297*d**2 + 2381*d + 24. Give r(8).
64
Let k(r) = -55*r - 1396. Determine k(-24).
-76
Let o(u) = u**3 - 6*u**2 - 292*u - 17. Give o(-14).
151
Let t(c) = 5*c**3 + c**2 - 5634*c + 5633. Determine t(1).
5
Let w(m) = 5*m - 79. Calculate w(18).
11
Let h(v) = -38*v**2 + 18*v + 43. Give h(-2).
-145
Let x(n) = -27*n**2 + 1996*n + 154. What is x(74)?
6
Let v(c) = -17*c**2 - 524*c + 167. Determine v(-31).
74
Let n(q) = -211*q + 1045. Calculate n(5).
-10
Let r(h) = -269*h + 2155. Determine r(8).
3
Let c(k) = -k**3 - 7*k**2 - 2*k - 8. Calculate c(-3).
-38
Let x(q) = -q**3 + 11*q**2 - 162*q + 792. Calculate x(6).
0
Let i(b) = -b**3 - 13*b**2 + 37*b + 61. Determine i(-14).
-261
Let t(o) = -o**3 + 24*o**2 - 152*o + 255. What is t(6)?
-9
Let i(y) = 3*y**3 + 24*y**2 - 85*y + 5. What is i(3)?
47
Let i(o) = -96*o**3 + 5*o. Determine i(1).
-91
Let w(h) = -368*h + 13990. What is w(38)?
6
Let j(i) = 3*i**3 - 105*i**2 + 95*i - 84. What is j(34)?
-322
Let w(s) = s**3 + 58*s**2 + 55*s - 121. Calculate w(-57).
-7
Let t(g) = -20*g**2 - 34*g - 35. Calculate t(-1).
-21
Let b(r) = 3*r**2 - 129*r - 1042. What is b(-7)?
8
Let m(c) = -4*c**3 - 205*c**2 - 46*c + 257. Calculate m(-51).
2
Let v(t) = -t**3 + 93*t**2 + 474*t + 1565. Give v(98).
-3
Let i(z) = -z**3 - 7*z**2 + 40*z - 9. Give i(4).
-25
Let r(a) = 24*a + 2254. Calculate r(-93).
22
Let w(d) = d**3 + 28*d**2 - 59*d - 887. Give w(-29).
-17
Let z(b) = 51*b + 1415. Determine z(-28).
-13
Let r(a) = -a**2 - 23*a - 77. Calculate r(-6).
25
Let h(i) = 68*i - 2295. What is h(32)?
-119
Let w(r) = -6*r**2 + 408*r - 827. What is w(66)?
-35
Let b(n) = -n**3 + 4*n**2 + 155*n + 636. What is b(-4)?
144
Let m(l) = 43*l + 1427. Give m(-32).
51
Let l(n) = n**3 + 10*n**2 - 19*n + 101. Calculate l(-15).
-739
Let u(b) = -869*b + 22598. Determine u(26).
4
Let q(s) = s**2 - 38*s + 136. Calculate q(34).
0
Let p(i) = i**2 + 21*i - 62. What is p(-11)?
-172
Let l(t) = 743*t**2 - 4461*t + 8. Determine l(6).
-10
Let x(j) = -3*j**2 + 183*j - 19. Calculate x(61).
-19
Let j(i) = -i**2 + 212*i - 7005. Determine j(41).
6
Let t(c) = -6571*c - 72271. What is t(-11)?
10
Let g(q) = -q**2 + 105*q - 414. What is g(4)?
-10
Let o(x) = -x**3 - 8*x**2 - 27*x - 162. Calculate o(-7).
-22
Let l(u) = 3*u**2 + 84*u - 113. What is l(-30)?
67
Let m(p) = -5*p**2 - 62*p + 41. Give m(-13).
2
Let u(z) = 2*z**3 - 12*z**2 - 111*z + 29. Determine u(11).
18
Let y(x) = 28*x**2 + 19*x + 45. Determine y(-3).
240
Let l(j) = -j**3 - 17*j**2 - 49*j - 42. Calculate l(-15).
243
Let y(u) = -u**3 - 26*u**2 + 191*u + 46. Calculate y(-32).
78
Let w(r) = -45*r**3 - r**2 - 26*r - 24. Give w(-1).
46
Let s(v) = -v**3 - 13*v**2 + 127*v - 72. Determine s(-19).
-319
Let z(f) = -2*f**3 - 93*f**2 - 49*f - 131. Calculate z(-46).
7
Let w(x) = -5*x**3 + 2*x**2 + x + 9. Determine w(3).
-105
Let f(k) = -k**3 + 11*k**2 - 24*k + 130. What is f(10)?
-10
Let b(j) = 84*j**2 + 943*j + 220. Calculate b(-11).
11
Let c(z) = -z**3 + 28*z**2 + 91*z + 73. Determine c(31).
11
Let j(g) = 37*g + 189. What is j(-7)?
-70
Let p(u) = -19*u**2 - 261*u + 31. What is p(-15)?
-329
Let f(j) = -37*j**2 + 449*j - 10. Calculate f(12).
50
Let l(r) = 5*r**3 - r**2 + 12*r + 16. Calculate l(0).
16
Let v(k) = 240*k + 5767. What is v(-24)?
7
Let g(i) = -3*i**3 + 15*i**2 - 14*i + 1. What is g(4)?
-7
Let g(v) = v**2 + 7*v - 2850. Determine g(50).
0
Let a(h) = h**3 + 3*h**2 - 13*h + 20. What is a(-6)?
-10
Let s(f) = f**3 - 48*f**2 - 85*f + 6206. What is s(47)?
2
Let b(y) = -y**2 - 48*y + 8637. Calculate b(72).
-3
Let v(s) = -635*s + 45720. Calculate v(72).
0
Let v(g) = g**3 - 16*g**2 + 7*g + 43. What is v(15)?
-77
Let f(r) = r**2 - 44*r + 248. Calculate f(6).
20
Let w(f) = f**3 - 24*f**2 + 105*f + 29. Calculate w(6).
11
Let k(m) = 50*m + 464. Determine k(-17).
-386
Let a(w) = 154*w - 11. Calculate a(0).
-11
Let g(i) = i**2 + 8*i - 13. Determine g(5).
52
Let x(m) = -1870*m + 9351. Determine x(5).
1
Let s(k) = 3*k**2 - 30*k - 190. Determine s(18).
242
Let q(r) = -3*r**3 + 99*r**2 - 30*r + 1015. Determine q(33).
25
Let m(r) = 3*r**3 - 5*r**2 + 9*r - 8. What is m(5)?
287
Let x(v) = -15*v**2 + 136*v - 40. Determine x(10).
-180
Let m(q) = 99*q + 268. Determine m(-5).
-227
Let u(g) = 5455*g + 90. What is u(0)?
90
Let a(w) = 333*w + 60. What is a(0)?
60
Let z(j) = -j**3 - 5*j**2 - 23*j - 259. Give z(-7).
0
Let s(i) = -66*i**2 - 2*i + 6. What is s(-1)?
-58
Let c(i) = 41*i**3 - 7*i**2 + 9*i - 1. Calculate c(1).
42
Let w(b) = 153*b**2 + 2470*b + 336. Calculate w(-16).
-16
Let v(y) = -y**3 + 53*y**2 - 56*y + 130. Give v(52).
-78
Let w(n) = 13*n**3 - n**2 + 829*n + 829. Calculate w(-1).
-14
Let g(i) = -25*i**3 - 5*i**2 + i + 5. Calculate g(-2).
183
Let v(n) = -5*n**2 + 9*n - 475. What is v(0)?
-475
Let q(f) = -f**3 - 10*f**2 - 55*f + 4. Calculate q(-7).
242
Let a(l) = -l**3 + 27*l**2 + 57*l + 56. Calculate a(29).
27
Let g(q) = 2*q**3 + 39*q**2 - 50*q + 277. Calculate g(-21).
4
Let f(m) = 19*m - 1513. Determine f(80).
7
Let q(h) = 222*h - 13. What is q(1)?
209
Let r(l) = 2495*l + 37428. Give r(-15).
3
Let u(d) = -472*d + 2. What is u(0)?
2
Let w(p) = -1545*p - 29354. What is w(-19)?
1
Let o(d) = 105*d + 1128. What is o(-11)?
-27
Let v(c) = -4*c**2 - 36*c - 31. Give v(-1).
1
Let l(r) = 71*r + 607. Determine l(-9).
-32
Let z(h) = h**2 - 23*h + 21. Determine z(23).
21
Let y(c) = 272*c**2 + 4078*c - 12. Determine y(-15).
18
Let p(s) 